{"id":588,"date":"2020-04-29T12:49:11","date_gmt":"2020-05-09T10:28:59","guid":{"rendered":"https:\/\/www.menini-lagodigarda.it\/prodotto\/suesses-weisses-dressing-5-lt\/"},"modified":"2025-04-08T08:09:51","modified_gmt":"2025-04-08T08:09:51","slug":"saison-weis-sus-5-lt","status":"publish","type":"product","link":"https:\/\/www.menini-lagodigarda.it\/de\/prodotto\/saison-weis-sus-5-lt\/","title":{"rendered":"Condimento Bianco Dolce 5 lt"},"content":{"rendered":"<p>Die Sweet White Balsamico ist ein Bestseller-Produkt unseres Shops. Produziert im Ursprungsgebiet des Balsamico-Essigs von Modena und speziell f\u00fcr unsere treuen Kunden ausgew\u00e4hlt. Ideal zum W\u00fcrzen von Salaten und gr\u00fcn, roh oder gekocht. Mit einem ausgewogenen agro-s\u00fc\u00dfen Geschmack wird es unentbehrlich auf Ihren Tischen.<\/p>\n","protected":false},"excerpt":{"rendered":"<ul>\n<li>S\u00fc\u00dfes Salatdressing<\/li>\n<li>Frisch, Sommer, junge Version von Balsamico-Essig.<\/li>\n<li>Produziert im Ursprungsgebiet des Balsamico-Essigs von Modena<\/li>\n<\/ul>\n","protected":false},"featured_media":272,"comment_status":"open","ping_status":"closed","template":"","meta":[],"product_brand":[],"product_cat":[61,56],"product_tag":[70],"class_list":["post-588","product","type-product","status-publish","has-post-thumbnail","product_cat-gewuerze","product_cat-menini-selected-de","product_tag-gewurze","first","instock","taxable","shipping-taxable","purchasable","product-type-simple"],"yoast_head":"<!-- This site is optimized with the Yoast SEO plugin v28.3 - https:\/\/yoast.com\/product\/yoast-seo-wordpress\/ -->\n<title>Condimento Bianco Dolce 5 lt - Menini<\/title>\n<meta name=\"robots\" content=\"index, follow, max-snippet:-1, max-image-preview:large, max-video-preview:-1\" \/>\n<link rel=\"canonical\" href=\"https:\/\/www.menini-lagodigarda.it\/de\/prodotto\/saison-weis-sus-5-lt\/\" \/>\n<meta property=\"og:locale\" content=\"de_DE\" \/>\n<meta property=\"og:type\" content=\"article\" \/>\n<meta property=\"og:title\" content=\"Condimento Bianco Dolce 5 lt - Menini\" \/>\n<meta property=\"og:description\" content=\"S\u00fc\u00dfes Salatdressing  Frisch, Sommer, junge Version von Balsamico-Essig.  Produziert im Ursprungsgebiet des Balsamico-Essigs von Modena\" \/>\n<meta property=\"og:url\" content=\"https:\/\/www.menini-lagodigarda.it\/de\/prodotto\/saison-weis-sus-5-lt\/\" \/>\n<meta property=\"og:site_name\" content=\"Menini\" \/>\n<meta property=\"article:modified_time\" content=\"2025-04-08T08:09:51+00:00\" \/>\n<meta property=\"og:image\" content=\"https:\/\/i2.wp.com\/www.menini-lagodigarda.it\/wp-content\/uploads\/2020\/04\/F2CA10F8-3850-4CD5-B399-174266037A59-scaled-e1588163824139.jpeg?fit=1280%2C1280&ssl=1\" \/>\n\t<meta property=\"og:image:width\" content=\"1280\" \/>\n\t<meta property=\"og:image:height\" content=\"1280\" \/>\n\t<meta property=\"og:image:type\" content=\"image\/jpeg\" \/>\n<meta name=\"twitter:card\" content=\"summary_large_image\" \/>\n<script type=\"application\/ld+json\" class=\"yoast-schema-graph\">{\"@context\":\"https:\\\/\\\/schema.org\",\"@graph\":[{\"@type\":\"WebPage\",\"@id\":\"https:\\\/\\\/www.menini-lagodigarda.it\\\/de\\\/prodotto\\\/saison-weis-sus-5-lt\\\/\",\"url\":\"https:\\\/\\\/www.menini-lagodigarda.it\\\/de\\\/prodotto\\\/saison-weis-sus-5-lt\\\/\",\"name\":\"Condimento Bianco Dolce 5 lt - Menini\",\"isPartOf\":{\"@id\":\"https:\\\/\\\/www.menini-lagodigarda.it\\\/de\\\/#website\"},\"primaryImageOfPage\":{\"@id\":\"https:\\\/\\\/www.menini-lagodigarda.it\\\/de\\\/prodotto\\\/saison-weis-sus-5-lt\\\/#primaryimage\"},\"image\":{\"@id\":\"https:\\\/\\\/www.menini-lagodigarda.it\\\/de\\\/prodotto\\\/saison-weis-sus-5-lt\\\/#primaryimage\"},\"thumbnailUrl\":\"https:\\\/\\\/www.menini-lagodigarda.it\\\/wp-content\\\/uploads\\\/2020\\\/04\\\/F2CA10F8-3850-4CD5-B399-174266037A59-scaled-e1588163824139.jpeg\",\"datePublished\":\"2020-05-09T10:28:59+00:00\",\"dateModified\":\"2025-04-08T08:09:51+00:00\",\"breadcrumb\":{\"@id\":\"https:\\\/\\\/www.menini-lagodigarda.it\\\/de\\\/prodotto\\\/saison-weis-sus-5-lt\\\/#breadcrumb\"},\"inLanguage\":\"de\",\"potentialAction\":[{\"@type\":\"ReadAction\",\"target\":[\"https:\\\/\\\/www.menini-lagodigarda.it\\\/de\\\/prodotto\\\/saison-weis-sus-5-lt\\\/\"]}]},{\"@type\":\"ImageObject\",\"inLanguage\":\"de\",\"@id\":\"https:\\\/\\\/www.menini-lagodigarda.it\\\/de\\\/prodotto\\\/saison-weis-sus-5-lt\\\/#primaryimage\",\"url\":\"https:\\\/\\\/www.menini-lagodigarda.it\\\/wp-content\\\/uploads\\\/2020\\\/04\\\/F2CA10F8-3850-4CD5-B399-174266037A59-scaled-e1588163824139.jpeg\",\"contentUrl\":\"https:\\\/\\\/www.menini-lagodigarda.it\\\/wp-content\\\/uploads\\\/2020\\\/04\\\/F2CA10F8-3850-4CD5-B399-174266037A59-scaled-e1588163824139.jpeg\",\"width\":1280,\"height\":1280,\"caption\":\"Wei\u00dfes Dressing wei\u00dfer Balsamico-Essig\"},{\"@type\":\"BreadcrumbList\",\"@id\":\"https:\\\/\\\/www.menini-lagodigarda.it\\\/de\\\/prodotto\\\/saison-weis-sus-5-lt\\\/#breadcrumb\",\"itemListElement\":[{\"@type\":\"ListItem\",\"position\":1,\"name\":\"Home\",\"item\":\"https:\\\/\\\/www.menini-lagodigarda.it\\\/de\\\/\"},{\"@type\":\"ListItem\",\"position\":2,\"name\":\"Shop\",\"item\":\"https:\\\/\\\/www.menini-lagodigarda.it\\\/de\\\/shop\\\/\"},{\"@type\":\"ListItem\",\"position\":3,\"name\":\"Condimento Bianco Dolce 5 lt\"}]},{\"@type\":\"WebSite\",\"@id\":\"https:\\\/\\\/www.menini-lagodigarda.it\\\/de\\\/#website\",\"url\":\"https:\\\/\\\/www.menini-lagodigarda.it\\\/de\\\/\",\"name\":\"Menini\",\"description\":\"Il meglio del Lago di Garda dal 1956\",\"publisher\":{\"@id\":\"https:\\\/\\\/www.menini-lagodigarda.it\\\/de\\\/#organization\"},\"potentialAction\":[{\"@type\":\"SearchAction\",\"target\":{\"@type\":\"EntryPoint\",\"urlTemplate\":\"https:\\\/\\\/www.menini-lagodigarda.it\\\/de\\\/?s={search_term_string}\"},\"query-input\":{\"@type\":\"PropertyValueSpecification\",\"valueRequired\":true,\"valueName\":\"search_term_string\"}}],\"inLanguage\":\"de\"},{\"@type\":\"Organization\",\"@id\":\"https:\\\/\\\/www.menini-lagodigarda.it\\\/de\\\/#organization\",\"name\":\"Menini\",\"url\":\"https:\\\/\\\/www.menini-lagodigarda.it\\\/de\\\/\",\"logo\":{\"@type\":\"ImageObject\",\"inLanguage\":\"de\",\"@id\":\"https:\\\/\\\/www.menini-lagodigarda.it\\\/de\\\/#\\\/schema\\\/logo\\\/image\\\/\",\"url\":\"https:\\\/\\\/www.menini-lagodigarda.it\\\/wp-content\\\/uploads\\\/2020\\\/04\\\/cropped-logo-menini-lago-di-garda-200.png\",\"contentUrl\":\"https:\\\/\\\/www.menini-lagodigarda.it\\\/wp-content\\\/uploads\\\/2020\\\/04\\\/cropped-logo-menini-lago-di-garda-200.png\",\"width\":200,\"height\":200,\"caption\":\"Menini\"},\"image\":{\"@id\":\"https:\\\/\\\/www.menini-lagodigarda.it\\\/de\\\/#\\\/schema\\\/logo\\\/image\\\/\"}}]}<\/script>\n<!-- \/ Yoast SEO plugin. -->","yoast_head_json":{"title":"Condimento Bianco Dolce 5 lt - Menini","robots":{"index":"index","follow":"follow","max-snippet":"max-snippet:-1","max-image-preview":"max-image-preview:large","max-video-preview":"max-video-preview:-1"},"canonical":"https:\/\/www.menini-lagodigarda.it\/de\/prodotto\/saison-weis-sus-5-lt\/","og_locale":"de_DE","og_type":"article","og_title":"Condimento Bianco Dolce 5 lt - Menini","og_description":"S\u00fc\u00dfes Salatdressing  Frisch, Sommer, junge Version von Balsamico-Essig.  Produziert im Ursprungsgebiet des Balsamico-Essigs von Modena","og_url":"https:\/\/www.menini-lagodigarda.it\/de\/prodotto\/saison-weis-sus-5-lt\/","og_site_name":"Menini","article_modified_time":"2025-04-08T08:09:51+00:00","og_image":[{"width":1280,"height":1280,"url":"https:\/\/i2.wp.com\/www.menini-lagodigarda.it\/wp-content\/uploads\/2020\/04\/F2CA10F8-3850-4CD5-B399-174266037A59-scaled-e1588163824139.jpeg?fit=1280%2C1280&ssl=1","type":"image\/jpeg"}],"twitter_card":"summary_large_image","schema":{"@context":"https:\/\/schema.org","@graph":[{"@type":"WebPage","@id":"https:\/\/www.menini-lagodigarda.it\/de\/prodotto\/saison-weis-sus-5-lt\/","url":"https:\/\/www.menini-lagodigarda.it\/de\/prodotto\/saison-weis-sus-5-lt\/","name":"Condimento Bianco Dolce 5 lt - Menini","isPartOf":{"@id":"https:\/\/www.menini-lagodigarda.it\/de\/#website"},"primaryImageOfPage":{"@id":"https:\/\/www.menini-lagodigarda.it\/de\/prodotto\/saison-weis-sus-5-lt\/#primaryimage"},"image":{"@id":"https:\/\/www.menini-lagodigarda.it\/de\/prodotto\/saison-weis-sus-5-lt\/#primaryimage"},"thumbnailUrl":"https:\/\/www.menini-lagodigarda.it\/wp-content\/uploads\/2020\/04\/F2CA10F8-3850-4CD5-B399-174266037A59-scaled-e1588163824139.jpeg","datePublished":"2020-05-09T10:28:59+00:00","dateModified":"2025-04-08T08:09:51+00:00","breadcrumb":{"@id":"https:\/\/www.menini-lagodigarda.it\/de\/prodotto\/saison-weis-sus-5-lt\/#breadcrumb"},"inLanguage":"de","potentialAction":[{"@type":"ReadAction","target":["https:\/\/www.menini-lagodigarda.it\/de\/prodotto\/saison-weis-sus-5-lt\/"]}]},{"@type":"ImageObject","inLanguage":"de","@id":"https:\/\/www.menini-lagodigarda.it\/de\/prodotto\/saison-weis-sus-5-lt\/#primaryimage","url":"https:\/\/www.menini-lagodigarda.it\/wp-content\/uploads\/2020\/04\/F2CA10F8-3850-4CD5-B399-174266037A59-scaled-e1588163824139.jpeg","contentUrl":"https:\/\/www.menini-lagodigarda.it\/wp-content\/uploads\/2020\/04\/F2CA10F8-3850-4CD5-B399-174266037A59-scaled-e1588163824139.jpeg","width":1280,"height":1280,"caption":"Wei\u00dfes Dressing wei\u00dfer Balsamico-Essig"},{"@type":"BreadcrumbList","@id":"https:\/\/www.menini-lagodigarda.it\/de\/prodotto\/saison-weis-sus-5-lt\/#breadcrumb","itemListElement":[{"@type":"ListItem","position":1,"name":"Home","item":"https:\/\/www.menini-lagodigarda.it\/de\/"},{"@type":"ListItem","position":2,"name":"Shop","item":"https:\/\/www.menini-lagodigarda.it\/de\/shop\/"},{"@type":"ListItem","position":3,"name":"Condimento Bianco Dolce 5 lt"}]},{"@type":"WebSite","@id":"https:\/\/www.menini-lagodigarda.it\/de\/#website","url":"https:\/\/www.menini-lagodigarda.it\/de\/","name":"Menini","description":"Il meglio del Lago di Garda dal 1956","publisher":{"@id":"https:\/\/www.menini-lagodigarda.it\/de\/#organization"},"potentialAction":[{"@type":"SearchAction","target":{"@type":"EntryPoint","urlTemplate":"https:\/\/www.menini-lagodigarda.it\/de\/?s={search_term_string}"},"query-input":{"@type":"PropertyValueSpecification","valueRequired":true,"valueName":"search_term_string"}}],"inLanguage":"de"},{"@type":"Organization","@id":"https:\/\/www.menini-lagodigarda.it\/de\/#organization","name":"Menini","url":"https:\/\/www.menini-lagodigarda.it\/de\/","logo":{"@type":"ImageObject","inLanguage":"de","@id":"https:\/\/www.menini-lagodigarda.it\/de\/#\/schema\/logo\/image\/","url":"https:\/\/www.menini-lagodigarda.it\/wp-content\/uploads\/2020\/04\/cropped-logo-menini-lago-di-garda-200.png","contentUrl":"https:\/\/www.menini-lagodigarda.it\/wp-content\/uploads\/2020\/04\/cropped-logo-menini-lago-di-garda-200.png","width":200,"height":200,"caption":"Menini"},"image":{"@id":"https:\/\/www.menini-lagodigarda.it\/de\/#\/schema\/logo\/image\/"}}]}},"_links":{"self":[{"href":"https:\/\/www.menini-lagodigarda.it\/de\/wp-json\/wp\/v2\/product\/588","targetHints":{"allow":["GET"]}}],"collection":[{"href":"https:\/\/www.menini-lagodigarda.it\/de\/wp-json\/wp\/v2\/product"}],"about":[{"href":"https:\/\/www.menini-lagodigarda.it\/de\/wp-json\/wp\/v2\/types\/product"}],"replies":[{"embeddable":true,"href":"https:\/\/www.menini-lagodigarda.it\/de\/wp-json\/wp\/v2\/comments?post=588"}],"wp:featuredmedia":[{"embeddable":true,"href":"https:\/\/www.menini-lagodigarda.it\/de\/wp-json\/wp\/v2\/media\/272"}],"wp:attachment":[{"href":"https:\/\/www.menini-lagodigarda.it\/de\/wp-json\/wp\/v2\/media?parent=588"}],"wp:term":[{"taxonomy":"product_brand","embeddable":true,"href":"https:\/\/www.menini-lagodigarda.it\/de\/wp-json\/wp\/v2\/product_brand?post=588"},{"taxonomy":"product_cat","embeddable":true,"href":"https:\/\/www.menini-lagodigarda.it\/de\/wp-json\/wp\/v2\/product_cat?post=588"},{"taxonomy":"product_tag","embeddable":true,"href":"https:\/\/www.menini-lagodigarda.it\/de\/wp-json\/wp\/v2\/product_tag?post=588"}],"curies":[{"name":"wp","href":"https:\/\/api.w.org\/{rel}","templated":true}]}}

<p>Die Sweet White Balsamico ist ein Bestseller-Produkt unseres Shops. Produziert im Ursprungsgebiet des Balsamico-Essigs von Modena und speziell für unsere treuen Kunden ausgewählt. Ideal zum Würzen von Salaten und grün, roh oder gekocht. Mit einem ausgewogenen agro-süßen Geschmack wird es unentbehrlich auf Ihren Tischen.</p>

<ul>
<li>Süßes Salatdressing</li>
<li>Frisch, Sommer, junge Version von Balsamico-Essig.</li>
<li>Produziert im Ursprungsgebiet des Balsamico-Essigs von Modena</li>
</ul>

<!-- This site is optimized with the Yoast SEO plugin v28.3 - https://yoast.com/product/yoast-seo-wordpress/ -->
<title>Condimento Bianco Dolce 5 lt - Menini</title>
<meta name="robots" content="index, follow, max-snippet:-1, max-image-preview:large, max-video-preview:-1" />
<link rel="canonical" href="https://www.menini-lagodigarda.it/de/prodotto/saison-weis-sus-5-lt/" />
<meta property="og:locale" content="de_DE" />
<meta property="og:type" content="article" />
<meta property="og:title" content="Condimento Bianco Dolce 5 lt - Menini" />
<meta property="og:description" content="Süßes Salatdressing  Frisch, Sommer, junge Version von Balsamico-Essig.  Produziert im Ursprungsgebiet des Balsamico-Essigs von Modena" />
<meta property="og:url" content="https://www.menini-lagodigarda.it/de/prodotto/saison-weis-sus-5-lt/" />
<meta property="og:site_name" content="Menini" />
<meta property="article:modified_time" content="2025-04-08T08:09:51+00:00" />
<meta property="og:image" content="https://i2.wp.com/www.menini-lagodigarda.it/wp-content/uploads/2020/04/F2CA10F8-3850-4CD5-B399-174266037A59-scaled-e1588163824139.jpeg?fit=1280%2C1280&ssl=1" />
	<meta property="og:image:width" content="1280" />
	<meta property="og:image:height" content="1280" />
	<meta property="og:image:type" content="image/jpeg" />
<meta name="twitter:card" content="summary_large_image" />
<script type="application/ld+json" class="yoast-schema-graph">{"@context":"https:\/\/schema.org","@graph":[{"@type":"WebPage","@id":"https:\/\/www.menini-lagodigarda.it\/de\/prodotto\/saison-weis-sus-5-lt\/","url":"https:\/\/www.menini-lagodigarda.it\/de\/prodotto\/saison-weis-sus-5-lt\/","name":"Condimento Bianco Dolce 5 lt - Menini","isPartOf":{"@id":"https:\/\/www.menini-lagodigarda.it\/de\/#website"},"primaryImageOfPage":{"@id":"https:\/\/www.menini-lagodigarda.it\/de\/prodotto\/saison-weis-sus-5-lt\/#primaryimage"},"image":{"@id":"https:\/\/www.menini-lagodigarda.it\/de\/prodotto\/saison-weis-sus-5-lt\/#primaryimage"},"thumbnailUrl":"https:\/\/www.menini-lagodigarda.it\/wp-content\/uploads\/2020\/04\/F2CA10F8-3850-4CD5-B399-174266037A59-scaled-e1588163824139.jpeg","datePublished":"2020-05-09T10:28:59+00:00","dateModified":"2025-04-08T08:09:51+00:00","breadcrumb":{"@id":"https:\/\/www.menini-lagodigarda.it\/de\/prodotto\/saison-weis-sus-5-lt\/#breadcrumb"},"inLanguage":"de","potentialAction":[{"@type":"ReadAction","target":["https:\/\/www.menini-lagodigarda.it\/de\/prodotto\/saison-weis-sus-5-lt\/"]}]},{"@type":"ImageObject","inLanguage":"de","@id":"https:\/\/www.menini-lagodigarda.it\/de\/prodotto\/saison-weis-sus-5-lt\/#primaryimage","url":"https:\/\/www.menini-lagodigarda.it\/wp-content\/uploads\/2020\/04\/F2CA10F8-3850-4CD5-B399-174266037A59-scaled-e1588163824139.jpeg","contentUrl":"https:\/\/www.menini-lagodigarda.it\/wp-content\/uploads\/2020\/04\/F2CA10F8-3850-4CD5-B399-174266037A59-scaled-e1588163824139.jpeg","width":1280,"height":1280,"caption":"Weißes Dressing weißer Balsamico-Essig"},{"@type":"BreadcrumbList","@id":"https:\/\/www.menini-lagodigarda.it\/de\/prodotto\/saison-weis-sus-5-lt\/#breadcrumb","itemListElement":[{"@type":"ListItem","position":1,"name":"Home","item":"https:\/\/www.menini-lagodigarda.it\/de\/"},{"@type":"ListItem","position":2,"name":"Shop","item":"https:\/\/www.menini-lagodigarda.it\/de\/shop\/"},{"@type":"ListItem","position":3,"name":"Condimento Bianco Dolce 5 lt"}]},{"@type":"WebSite","@id":"https:\/\/www.menini-lagodigarda.it\/de\/#website","url":"https:\/\/www.menini-lagodigarda.it\/de\/","name":"Menini","description":"Il meglio del Lago di Garda dal 1956","publisher":{"@id":"https:\/\/www.menini-lagodigarda.it\/de\/#organization"},"potentialAction":[{"@type":"SearchAction","target":{"@type":"EntryPoint","urlTemplate":"https:\/\/www.menini-lagodigarda.it\/de\/?s={search_term_string}"},"query-input":{"@type":"PropertyValueSpecification","valueRequired":true,"valueName":"search_term_string"}}],"inLanguage":"de"},{"@type":"Organization","@id":"https:\/\/www.menini-lagodigarda.it\/de\/#organization","name":"Menini","url":"https:\/\/www.menini-lagodigarda.it\/de\/","logo":{"@type":"ImageObject","inLanguage":"de","@id":"https:\/\/www.menini-lagodigarda.it\/de\/#\/schema\/logo\/image\/","url":"https:\/\/www.menini-lagodigarda.it\/wp-content\/uploads\/2020\/04\/cropped-logo-menini-lago-di-garda-200.png","contentUrl":"https:\/\/www.menini-lagodigarda.it\/wp-content\/uploads\/2020\/04\/cropped-logo-menini-lago-di-garda-200.png","width":200,"height":200,"caption":"Menini"},"image":{"@id":"https:\/\/www.menini-lagodigarda.it\/de\/#\/schema\/logo\/image\/"}}]}</script>
<!-- / Yoast SEO plugin. -->

Süßes Salatdressing  Frisch, Sommer, junge Version von Balsamico-Essig.  Produziert im Ursprungsgebiet des Balsamico-Essigs von Modena

Weißes Dressing weißer Balsamico-Essig
